24 = r. Determine i(c).
-2
Let k be (-12)/(-4) + (-6)/2. Suppose 7*f + 4*z = 2*f - 14, k = 5*f + z + 11. Let s(t) = -t**3 + t**2 + 3*t + 2. Determine s(f).
8
Let w(g) = -g**2 - g - 10. Let n(s) = -2*s**2 + 2. Let x be n(-1). What is w(x)?
-10
Let x(w) = -w**2 - 3*w - 3. Let p be x(-2). Let k = -15 + 15. Let y(h) = -2*h**3 - 10*h**2 + k + 8*h**2 - h + 0. What is y(p)?
1
Let w(d) = 3*d + d - 5*d. Let i be ((35/(-6))/7)/(1/(-6)). Give w(i).
-5
Let i(g) = -14*g**3 - 14*g**2 + 17*g + 17. Let c(y) = -5*y**3 - 5*y**2 + 6*y + 6. Let r(s) = 17*c(s) - 6*i(s). Calculate r(-2).
4
Let r(u) = -u**3 - 3*u**2 - 2*u + 4. Let t = -59 + 56. Give r(t).
10
Let w(n) = 3 + n**3 + 13 - 5*n**2 - 15. What is w(5)?
1
Let y(h) = -h**2 - h - 6. Suppose -2*c + 2 = -0. Suppose 3 - c = -f. Let k be (1 + -2)*0/f. Determine y(k).
-6
Let c(s) = 6*s + 3. Suppose 0 = 4*z - 3*z, -5*g - 10 = 2*z. What is c(g)?
-9
Let n(x) = x + 2. Let q be n(-4). Let v(d) = d**3 + 4*d**2 - 6*d - 4. Let w be v(-5). Let p(a) = a - 2 - w - 2*a**2 + 3*a**2 + 1. Give p(q).
0
Let y be 4/30 - (-616)/105. Let l(j) = y*j - j - 1 - 2*j + j. Calculate l(-3).
-13
Let j(g) be the first derivative of 0 + 5*g**2 - 4*g**2 - 2 - 4*g + 3*g. Let y(f) = -f**2 - 6*f - 6. Let l be y(-5). Give j(l).
-3
Let u(l) = l**3 + 5*l**2 + 6*l + 5. Let w = -12 - -14. Suppose -3*c = -w*c + 4. Give u(c).
-3
Let x(c) = -2*c**3 + c**2 - 2*c + 1. Suppose 5 + 0 = 5*u. What is x(u)?
-2
Let f(g) = -3*g - 14. Let t(s) = -s - 1. Let m(x) = f(x) - 2*t(x). Calculate m(-8).
-4
Let l(v) = 2*v + 1. Suppose 0 = c + 2*a - 9, 3*c = -4*a + 10 + 7. Give l(c).
-1
Let k = 11 - 6. Let f(y) = -y**2 + 6*y - 6. Suppose 0 = 3*b, 4*n - b = 3*b - 8. Let g(p) = p. Let q(z) = n*g(z) - f(z). What is q(k)?
-9
Let l(x) = x + 1. Let m(p) = 3*p + 6. Let i(c) = 2*l(c) - m(c). What is i(-2)?
-2
Let m(f) = -f**3 + 6*f**2 - 3*f - 5. Let n(o) = o**3 - 18*o**2 - 19*o + 5. Let q be n(19). What is m(q)?
5
Let d(a) = a**3 + 5*a**2 + a. Let j be ((2 + 1)/(-3))/(-1). Let h be (-4 - (j - 0))/1. What is d(h)?
-5
Suppose 0 = -4*v - 4 - 12. Suppose 0 = 3*q - 2*y - 16, 0 = -5*q - 8*y + 3*y - 15. Let w(g) = -g**q + 5*g + 1 - g + 2*g**2. Calculate w(v).
1
Let y(r) be the first derivative of -r**4/4 - 2*r**3 + r**2/2 - 2*r - 6. What is y(-6)?
-8
Let y(g) = -3*g + 1. Let w = 26 - 25. Determine y(w).
-2
Let u(g) = -g - 5 + 2*g + 0*g. Calculate u(0).
-5
Let w(c) = c**2 - 13*c + 38. Let g be w(9). Let d(b) = b**3 - b**2 - 8*b + 7. Let n(f) = f - 1. Let o(r) = d(r) + 6*n(r). What is o(g)?
1
Let f(z) = 0*z + 7 - 4*z - 3*z. Let l(x) = -3*x + 3. Let m(b) = 2*f(b) - 5*l(b). What is m(4)?
3
Let j(p) be the second derivative of p**8/6720 + p**7/840 - p**6/360 - p**5/30 + p**4/12 + p. Let o(x) be the third derivative of j(x). Determine o(-3).
2
Suppose -8 - 2 = -5*m, -5*w - 3*m = 19. Let v(a) = -9*a**2 - 6. Let t(x) = 8*x**2 + 5. Let s(b) = w*t(b) - 4*v(b). Suppose 5 = -2*o + 3. Determine s(o).
-5
Let h(g) = g**3 + 7*g**2 + 3*g - 9. Let l be h(-4). Let k = -27 + l. Let y(j) = -j**3 + j**2 - j + 3. Give y(k).
3
Suppose 14 = -2*n - 4*r, 4 - 12 = 2*n + r. Let c(g) be the second derivative of -g**4/12 - g**3/2 - g**2 - 2*g. What is c(n)?
-2
Let t(u) = 3*u**2 + 8*u + 8. Let c(m) = 2*m**2 + 7*m + 7. Let i(z) = 5*c(z) - 4*t(z). Give i(3).
-6
Let i = -31 + 47. Suppose 5*m - k = -6, -2*m + 4*k + i - 4 = 0. Let a(f) = -f + 4. Let b(l) = l - 4. Let p(z) = m*a(z) - 3*b(z). What is p(0)?
4
Let o(s) = s + 4. Let f = -5 + 23. Let k be f/63 + 19/7. What is o(k)?
7
Let j(k) = -k + 1. Suppose 6 = 4*n + 2*b - 4*b, -2*n = -4*b. Give j(n).
-1
Suppose 0 = z + 3*z + 4. Let i(j) = -j + 11 + 7*j - 10. Determine i(z).
-5
Let n = 0 - -3. Suppose m + 14 = -3*m - 2*i, 0 = -2*m - n*i + 3. Let d(q) = -q**2 - 6*q + 3. Determine d(m).
3
Suppose l + 2*l - 60 = 0. Let n be (-108)/l + 2/5. Let w(r) = -5*r + 1. Let q(a) = -4*a + 1. Let j(s) = 6*q(s) - 5*w(s). Determine j(n).
-4
Let s(u) = u**2 - 2*u - 3. Let i be (-10)/((3 - 1) + -4). Suppose -i*o + 2 = -4*g + 41, o + 21 = 3*g. Suppose -10 - g = -4*m. Calculate s(m).
5
Let z(f) = f**3 + 12*f**2 - 11*f + 30. Let u be z(-13). Let v(i) = -i**2 + 6*i - 6. What is v(u)?
2
Suppose -2*l - 3*t = l + 3, -l = -5*t - 11. Let h(u) = -l + 4*u - 4*u**2 + 7*u**2 - 2*u. Let n(o) = o**2 - 8*o - 2. Let v be n(8). Give h(v).
7
Let s be (-2 - 1)*5/25*5. Let i(p) = 2*p**2 + 3*p. What is i(s)?
9
Let o(k) = -2*k**2 + 10*k - 7. Let b(h) = h**2 - 2*h + 6. Let w be b(0). Determine o(w).
-19
Let z(j) be the third derivative of j**5/60 + j**4/12 - j**3/6 - 3*j**2. Determine z(1).
2
Let v(z) = z - 19 + 23 + 3*z. Let a = 11 - 6. Suppose j + 5*u = 11, 2*u = -4*j - a - 5. What is v(j)?
-12
Let o(v) = -v + 11. Let c = 42 + -37. Give o(c).
6
Let i(v) = v + 2. Let w be (-8)/(2 - 3 - 1). Let n be (6/w)/(6/8). Suppose 0 = -n*t - 3 + 9. Calculate i(t).
5
Let t(r) = 10*r - 1 - 13*r + 4. Determine t(5).
-12
Let f(s) = s**2 - 11. Let v be f(-4). Suppose -2*d + 2 + 2 = 0. Let r(a) = a**3 + a - 6 - 2*a**3 + 3*a**2 + 2*a**d. Determine r(v).
-1
Let j(z) be the third derivative of -z**5/60 - z**4/4 + z**3/3 - 11*z**2. Give j(-7).
-5
Let a be 2/(-2)*(7 + -8). Let y(v) = -7*v**2 - v + 1. What is y(a)?
-7
Let m(d) = 4*d. Let a be m(2). Suppose a*n = 3*n. Let b(z) = -z**3 - z**2. Determine b(n).
0
Let y(l) = -l**3 - 3*l**2 + 3. Suppose -5*c - 40 = 3*t, 4*c = -0*t + 5*t + 79. Let m be ((-10)/t)/((-2)/9). What is y(m)?
3
Let z(d) = d + 3. Let l(s) = s**2 + 3*s. Let f(o) = -l(o) + 4*z(o). Let v = -2 + 2. Determine f(v).
12
Let f(q) = -14*q + 18. Let n be 3/12 + 11/4. Let y(z) = 5*z - 6. Let l(k) = n*f(k) + 8*y(k). Calculate l(5).
-4
Let p(q) = -q**3 + 2*q**2 + q - 5. Let l be p(0). Let x(f) = -f**2 - 5*f + 2. Determine x(l).
2
Suppose 7*c - 43 = -15. Let g(q) = -q**3 + 3*q**2 + 2*q + 2. Calculate g(c).
-6
Let i(h) = -h**3 + h**2 + 1. Let f be i(0). Let p(y) be the first derivative of 5*y**4/4 + y**3/3 - y**2/2 + y + 2. What is p(f)?
6
Let d(c) be the second derivative of 2*c**3/3 + c**2/2 - c. Let t(i) = i**3 + 5*i**2 - 7*i - 8. Let m be t(-6). Calculate d(m).
-7
Suppose -12*a + 10 = -17*a. Let q(j) = 1 + 2*j - 2 + 2. Determine q(a).
-3
Suppose 5*j - 58 = -z, z = 2*j - z - 16. Let a = 16 - j. Let s(f) = f - 3. Calculate s(a).
2
Let n(g) = -2 + 4*g**3 - 3*g**3 - 3*g**2 + 5*g**2. Suppose 3*c - 89 = 2*x, 3*c + 2*c - 2*x = 155. Let m = c + -35. Determine n(m).
-2
Let h = -2 + 1. Let l(v) = -2*v**3 + v + 1. Let w(m) = m**3 - m**2 - m - 1. Let j(x) = l(x) + w(x). What is j(h)?
0
Suppose -2*w = 2*w - 8. Let d = w + 0. Suppose 4*o = -m, 0 = d*m - 4*o + 4 - 16. Let a(f) = -f**2 + 3*f + 1. What is a(m)?
-3
Let q(m) = -m**2 + m - 1. Let b(n) = 4 + 0 - 18*n + 5*n**2 + 14*n. Let f(u) = -2*b(u) - 9*q(u). Suppose -p = -1 + 2. Give f(p).
1
Let i(v) = v**3 - 3*v**2 - 6*v - 7. Suppose -20 = -4*s + 2*j, 0 = -s - 3*j - 4 + 9. What is i(s)?
13
Let q(i) = -i + 1. Let g be (-5)/4 + 4/16. Determine q(g).
2
Let t(g) = -3*g. Let j be t(3). Let n = -11 - j. Let r(x) = -x**2 + 1. Determine r(n).
-3
Let l(y) be the first derivative of -y**3/3 - 3*y**2 + 6*y + 3. Suppose 4*w + 0*w = -4*q - 32, 5*q + 3*w = -36. Calculate l(q).
6
Let m = -8 + 7. Let r be 7 + -3 + m + -5. Let h(t) = -3*t + 3. Let l(k) = 13*k - 13. Let u(v) = 18*h(v) + 4*l(v). Calculate u(r).
6
Let x(k) = k**3 - 10*k**2 + 9*k + 13. Let j = 140 - 131. Give x(j).
13
Suppose 10 = 2*o + 36. Let k = -12 - o. Let c(r) = -3*r**2 + 1. Determine c(k).
-2
Let c = -79 - -81. Let h(j) = 3*j**3 - 3*j**2 + 2*j - 2. Give h(c).
14
Let k = 2 + -3. Let t be 8 + (k - 2/2). Let l(y) = y - 3*y - t + y. Calculate l(-5).
-1
Let w(f) = f**3 - 4*f**2 - 2*f - 4. Let l = 19 + -15. Calculate w(l).
-12
Let d(z) be the first derivative of z**4/12 + z**3/6 - z**2/2 + 6*z + 4. Let s(a) be the first derivative of d(a). Give s(-3).
5
Let i(n) be the first derivative of -n**2/2 + 4*n + 6. Calculate i(4).
0
Let j(c) be the second derivative of -c**4/12 + c**3/3 - 21*c + 2. Give j(4).
-8
Let n be (-1)/(-2)*(-10 - -26). Let q = n + -11. Let b(y) = y**3 + 2*y**2 - y + 4. Give b(q).
-2
Let b(g) = -g + 8. Let f be b(8). Let z(j) = 5*j - 12. Let m(r) = -18*r + 35. Let k(y) = 2*m(y) + 7*z(y). Calculate k(f).
-14
Let w(g) = 6*g**2 + 3*g - 4. Let f(b) = -b**2 + 1. Suppose -5*q + 3*o + 10 = 0, 0*q = -2*q + 5*o + 23. Let y(r) = q*w(r) - 5*f(r)